actor of 486 and n.
54
Suppose 56 + 64 = 10*l. What is the highest common factor of l and 28?
4
Let g(q) = -3*q + 36. Let m be g(10). Suppose 13*a + 60 = 19*a. Calculate the greatest common factor of m and a.
2
Let o(p) = -p**3 + 10*p**2 - 9*p + 20. Let n be o(9). Let m be n/(-6)*60/(-8). Calculate the highest common factor of m and 125.
25
Suppose 0 = 2*t + 49 - 121. Suppose -h = -5*a + 27, -7 = 2*h - 3. Let n = -1 + a. Calculate the highest common factor of t and n.
4
Suppose 0 = -7*c + 3*c + 12. Let v be (-2 - (c - 1 - 9))*7. Calculate the highest common factor of v and 385.
35
Let u = 65 - 15. What is the greatest common factor of u and 10?
10
Let f = -72 - -37. Let r be 0 - 16 - (-4 + 2). Let h be (-150)/f - (-4)/r. What is the highest common divisor of 4 and h?
4
Let k(q) = -q**3 - 8*q**2 - 7*q + 7. Let l be k(-7). Let s be (-7)/((1/11)/(-4 + 3)). What is the greatest common divisor of s and l?
7
Let y = 188 + -186. Calculate the highest common factor of y and 3.
1
Let f = -81 - -84. What is the highest common divisor of 96 and f?
3
Let z be 8 - 13 - (-4 + -1) - -64. What is the greatest common factor of 576 and z?
64
Let u = 13 - 51. Let c = 54 + u. What is the highest common factor of 112 and c?
16
Let z(b) = -2*b + 4*b - 2 + 2. Let d be z(2). Suppose -m = -d*h - 1 + 405, h + m = 96. What is the highest common divisor of 40 and h?
20
Let p be (837/(-90) + 10)*10. Calculate the greatest common factor of 56 and p.
7
Suppose 0 = 3*s + 4*u - 12, -4*s + 4*u + u = -16. Suppose 5*c = d + 709 + 492, 5*d + 965 = s*c. Calculate the greatest common divisor of c and 30.
30
Let v be 2/4 + 54/4. Suppose 3*i + 22 = 64. Calculate the highest common divisor of i and v.
14
Let s(b) = -14*b. Let r be s(-3). Let j = -144 - -158. Calculate the greatest common factor of r and j.
14
Let p = 453 - 271. What is the highest common divisor of p and 156?
26
Let o be -7 + -2 - (-25 - 14). Calculate the highest common factor of o and 160.
10
Let h be (-2 + 0 - -3) + -76. Let b = 70 - h. What is the greatest common factor of b and 29?
29
Let d be -3 + ((-12)/10)/(3/(-45)). Let i(o) = o**3 - 14*o**2 - 12*o - 23. Let k be i(d). What is the greatest common factor of k and 77?
11
Let i be ((-204)/85)/((-3)/(-10)). Let t be i/28 + 1056/21. Calculate the greatest common divisor of t and 125.
25
Suppose -13 = -b - 3. Let w = 20 - b. Let s be (-194)/(-10) - 4/w. Calculate the greatest common divisor of 19 and s.
19
Let c(y) = y**3 - 15*y**2 - 8*y + 48. Let j be c(16). What is the greatest common factor of 11 and j?
11
Suppose 9*z = 14*z - 90. Let h(p) = -5*p**2 - 3*p - 2. Let d be h(-2). Let k = d + z. Calculate the highest common divisor of 4 and k.
2
Let v(l) = -10*l + 896. Let s be v(70). Let g be 26 - ((0 - -2) + -4). What is the greatest common factor of g and s?
28
Suppose 2*w + 3*v = 21, 2*w - 3 = -w + 5*v. Let b be (-4)/8 - 94/4. Let u = 60 + b. What is the highest common factor of u and w?
6
Let j(q) = -q**2 + q + 26. Let o be j(4). Suppose 1 + o = -3*a, -3*a = 5*f - 155. What is the highest common divisor of f and 170?
34
Let g(v) = 11*v + 3. Suppose 7 = 2*z - 5*x, -7*z - 5*x - 3 = -5*z. Let w be g(z). Calculate the highest common factor of 7 and w.
7
Let k(i) = -2*i**3 - 20*i**2 + 24. Let w be k(-10). What is the highest common divisor of 264 and w?
24
Suppose -3*w + 8 = 38. Let t = 26 + w. Let a = t - 6. Calculate the highest common factor of a and 40.
10
Let a(w) = 5*w**2 + 212*w - 226. Let d be a(-44). Suppose 2*x = x - 5*f + 56, -4*x - f = -148. Calculate the greatest common factor of d and x.
18
Suppose 13*x - 19*x = 156. Let b = 11 + -5. Let u be (x/b)/(5/(-15)). What is the greatest common divisor of 143 and u?
13
Suppose -4*n = -2*n - 264. Let j(i) = i**2 - 2*i - 16. Let z be j(-7). Let d = -35 + z. Calculate the highest common factor of d and n.
12
Suppose 0 = -6*j + 4*j. Suppose j = -4*d + 62 + 110. Suppose 0 = -5*c - d + 243. What is the greatest common factor of c and 20?
20
Let c(j) = 3*j**2 + 17*j + 10. Let v be c(-6). Calculate the greatest common divisor of v and 6.
2
Suppose 0*w + 46 = 5*w + 2*q, 0 = w + 3*q - 17. Calculate the highest common divisor of 240 and w.
8
Let l(s) = -s**3 - 3*s**2 + 9*s + 22. Let p be l(0). Let h be (10/(-6) + 1)*-3. What is the highest common factor of h and p?
2
Suppose -13*n = -2318 + 316. Calculate the highest common divisor of n and 42.
14
Let j = 278 - 276. What is the highest common factor of j and 2?
2
Let s = 109 + -84. Suppose s - 69 = -4*y. What is the greatest common factor of y and 121?
11
Suppose -26*t + 1350 - 180 = 0. What is the greatest common divisor of t and 5?
5
Suppose 5*c + 5 = 15, -i + 123 = -5*c. Suppose 588 = -113*g + 2735. What is the highest common divisor of i and g?
19
Let d = -36 + 111. Let r = -15 + 16. Let z(k) = 48*k + 2. Let h be z(r). What is the highest common divisor of d and h?
25
Let h(k) = -1 + 2 - 9*k + 2*k. Let y be h(-1). Let m be (-1)/(-1 + y/10). What is the highest common factor of m and 40?
5
Let w = -25 + 0. Let o = 70 + w. What is the highest common divisor of 15 and o?
15
Let v(g) = g + 10. Let u be v(0). Let m be u*3*8/(-16). Let j be m/2*(-4)/2. What is the greatest common divisor of j and 60?
15
Let s be 2/12 + 682/12. Suppose i - s = -2*i. Calculate the greatest common divisor of i and 133.
19
Let z be 8288/(-126) + (-4)/18. Let k be (-1068)/z - (-2)/(-11). What is the greatest common divisor of k and 8?
8
Let a = -109 + 293. What is the highest common divisor of 138 and a?
46
Let c be 1/(-1)*0 + 22. Let s = -76 + 78. Let u be 41 + -9*s/(-24)*4. Calculate the highest common divisor of u and c.
22
Let a(l) be the second derivative of l**4/6 + 5*l**3/6 - 3*l**2/2 - 2*l - 2. Let x be a(6). What is the greatest common divisor of 9 and x?
9
Let a = 2191 + -1803. What is the highest common factor of a and 4?
4
Let s(b) = 5*b**2 + 3*b + 18. Let c be s(-6). Suppose 3*z - 4*z - 404 = -5*f, c = 2*f - 5*z. What is the greatest common factor of 16 and f?
16
Let j be -2*3*(-40)/6. Let d(t) = -81*t - 562. Let i be d(-7). What is the greatest common divisor of i and j?
5
Let v(s) = -s**3 - 21*s**2 - 25*s - 4. Let f = 57 - 77. Let q be v(f). Calculate the highest common factor of q and 24.
24
Let f be (44/8)/(3/(-6)). Let u = f - -11. Suppose x - 3*x + 42 = u. What is the highest common factor of 3 and x?
3
Suppose -21 + 7 = -2*k. Let p(x) = 140*x**2 - x + 1. Let b be p(1). Suppose 3*v + b = k*v. Calculate the highest common divisor of v and 5.
5
Let t(u) = -u**3 + 31*u**2 + 30*u + 79. Let p be t(32). What is the highest common factor of p and 65?
5
Suppose 0 = 7*n - 63 - 693. Calculate the highest common factor of n and 54.
54
Let t be 3/(-2)*(-840)/63. Calculate the greatest common divisor of 480 and t.
20
Let g be (363/1)/11 - -9. Calculate the highest common divisor of g and 18.
6
Let m(a) = 206*a - 156. Let h be m(5). Calculate the greatest common divisor of 46 and h.
46
Suppose -6 = 2*j, 4*y = -50*j + 49*j + 677. Let o = 116 + -195. Let u = 113 + o. Calculate the highest common divisor of y and u.
34
Suppose u = 12*u - 2640. Suppose -27*m + u = -22*m. Let c(o) = -2*o**3 - 5*o**2 + 3*o - 4. Let a be c(-4). Calculate the highest common factor of m and a.
16
Let l(n) = -307*n**3 - 2*n**2 - n. Let z be l(-1). Let w be z + (-3)/(9/(-6)). Calculate the greatest common divisor of 28 and w.
28
Let g = 26 - -13. What is the greatest common factor of g and 351?
39
Let d = -7 + 3. Let p = 8 + d. Suppose 187 = -3*w + p*w - 2*q, 0 = -w - 3*q + 192. Calculate the highest common divisor of 21 and w.
21
Let p(k) = 16*k - 137. Let y be p(9). What is the greatest common factor of 77 and y?
7
Let y = -22 - -44. What is the highest common factor of y and 946?
22
Suppose 5*m = 296 + 2339. Calculate the highest common divisor of 17 and m.
17
Suppose 179*n = 153*n + 4212. What is the greatest common factor of 36 and n?
18
Let z be -10 - -2 - (-208)/16. What is the highest common divisor of z and 160?
5
Suppose 3*s - 48 = -9*s. Suppose 0 = 5*v + 25, 0 = -d + s*v - 5 + 26. What is the greatest common factor of 9 and d?
1
Let c(s) = -s**3 - 8*s**2 - 4*s + 12. Let p be c(-9). Suppose -3*u - u - 3*v + p = 0, -105 = -4*u + 5*v. What is the greatest common factor of 10 and u?
10
Suppose -59*p + 41*p